1000
In base 16, what is -d + 7e6bf?
7e6b2
In base 3, what is 110 - -2001200122010?
2001200122120
In base 12, what is 3 - 3293024?
-3293021
In base 6, what is -321 + 220300?
215535
In base 16, what is 7 + 2129e?
212a5
In base 15, what is -c + -cde6d?
-cde7a
In base 16, what is -b1746e + 13?
-b1745b
In base 10, what is 775 - 113370?
-112595
In base 5, what is 10 + 31044100413?
31044100423
In base 5, what is 14 - 43101424?
-43101410
In base 9, what is -6 + 146553124?
146553117
In base 4, what is -1022 - -1013023000?
1013021312
In base 6, what is -253211001 + 3?
-253210554
In base 13, what is 3b61 + -1ab?
3983
In base 2, what is 1000101 + -101101000011001100?
-101101000010000111
In base 10, what is -2370348 + 1?
-2370347
In base 5, what is 20042104010 + -2?
20042104003
In base 15, what is 12636 - 59?
125cc
In base 7, what is -3521061 + 303?
-3520455
In base 12, what is 1 + 26b12a2?
26b12a3
In base 7, what is 4065413636 + 5?
4065413644
In base 16, what is 12 - 141373?
-141361
In base 16, what is 25a9 + -349b6?
-3240d
In base 5, what is 4 + -3232224434?
-3232224430
In base 8, what is 136 - 12617760?
-12617622
In base 10, what is 4 + 7312618?
7312622
In base 14, what is -5 + 9128ac?
9128a7
In base 10, what is 2652982 - 2?
2652980
In base 14, what is -1b6562 - 260?
-1b67c2
In base 8, what is 1636 - 160240?
-156402
In base 13, what is 180c - 1752?
8a
In base 7, what is 10564532 - 2?
10564530
In base 4, what is -1111323 - 13112130?
-20230113
In base 16, what is -68fb - 5f?
-695a
In base 3, what is -12 + -111011111210020?
-111011111210102
In base 13, what is 12759 + 26c?
129c8
In base 13, what is -29b461 - -b?
-29b453
In base 9, what is 64 - 414308?
-414234
In base 8, what is 4 + 17743131?
17743135
In base 13, what is 74 + -28534?
-28490
In base 16, what is -4699 - 36c?
-4a05
In base 14, what is 1d1219 - 78?
1d1181
In base 12, what is 4334572 - 3?
433456b
In base 3, what is -1010022112002 - 10?
-1010022112012
In base 6, what is -112 + 5435122?
5435010
In base 12, what is 5 - 761ba1a?
-761ba15
In base 3, what is 100 - -2011202121120001?
2011202121120101
In base 14, what is 20 - -36a8219?
36a8239
In base 3, what is -120120101 - -212?
-120112112
In base 15, what is -21 - -5a6ec8?
5a6ea7
In base 6, what is -50444 - -13054?
-33350
In base 12, what is -2 - -105a157?
105a155
In base 11, what is -2679387 - -1?
-2679386
In base 11, what is 31 + -2a31430?
-2a313aa
In base 13, what is -9967 + -161b?
-b285
In base 3, what is -112112110020002111 + 2?
-112112110020002102
In base 16, what is -24e6797 + -1?
-24e6798
In base 14, what is 109 + -7264?
-7159
In base 6, what is -1522403 + 125151?
-1353212
In base 5, what is 11311320234 + 2?
11311320241
In base 14, what is 9 - 196dc09?
-196dc00
In base 7, what is -536056 + -6?
-536065
In base 15, what is -116a - -16e79?
15d0e
In base 6, what is 20 + 113111512?
113111532
In base 6, what is 15 + 2512234255?
2512234314
In base 11, what is 3651062 + 1?
3651063
In base 8, what is -246547662 + 3?
-246547657
In base 11, what is -57653 - -5?
-57649
In base 8, what is -5720331 + -4?
-5720335
In base 4, what is 102 - -2103303030312?
2103303031020
In base 9, what is 1 + -375787150?
-375787148
In base 8, what is 1216 + -222451?
-221233
In base 12, what is 4b1 - 93612?
-93121
In base 4, what is 130200 + -110230110?
-110033310
In base 5, what is -1 - -40040314332?
40040314331
In base 4, what is 2003321122203 - 0?
2003321122203
In base 4, what is 3 - -1302132111220?
1302132111223
In base 10, what is -29924 - -205?
-29719
In base 3, what is -221 - -101020222200?
101020221202
In base 3, what is -111201000 - 2121022?
-121022022
In base 8, what is -25262411 + 1?
-25262410
In base 8, what is 1104 - -74453?
75557
In base 16, what is -d67 + -5c?
-dc3
In base 7, what is 5 + -112100010?
-112100002
In base 11, what is 259322 + -1642?
257790
In base 14, what is 1b4477 - -4?
1b447b
In base 16, what is -2 + 16cb580?
16cb57e
In base 10, what is -5 - -9896794?
9896789
In base 15, what is 3 - 1958a8?
-1958a5
In base 4, what is 113021332310021 + -3?
113021332310012
In base 4, what is 12020 + 320000?
332020
In base 7, what is -3 - -323055?
323052
In base 3, what is -11 - 10122212001102201?
-10122212001102212
In base 12, what is -5 - 1281649?
-1281652
In base 9, what is -3 + -171500706?
-171500710
In base 16, what is 2058f - -b?
2059a
In base 4, what is -1231 - -1331130113?
1331122222
In base 6, what is 124 + -21340111?
-21335543
In base 9, what is 1 + 176165622?
176165623
In base 5, what is -14 - -203142040?
203142021
In base 12, what is 2760 - -b73?
3713
In base 11, what is 8 - -855579?
855586
In base 10, what is -209137 - -43?
-209094
In base 7, what is 14 + -10622133?
-10622116
In base 8, what is 73254441 + 0?
73254441
In base 16, what is -40db + 35ae?
-b2d
In base 12, what is 0 - -a05423?
a05423
In base 16, what is -2d + -b8ae0?
-b8b0d
In base 16, what is -37b5 - 1898?
-504d
In base 9, what is 530 - -38533?
40163
In base 12, what is 232 - -62915b?
629391
In base 15, what is -18a79e02 + -6?
-18a79e08
In base 12, what is -821590 - 17?
-8215a7
In base 16, what is 18757bc1 - 3?
18757bbe
In base 5, what is -1001043 - -42302?
-403241
In base 4, what is 30301113321 + -12?
30301113303
In base 7, what is 2531 + -116660?
-114126
In base 12, what is b1935 - 708?
b1229
In base 5, what is -1012 + -104231142?
-104232204
In base 6, what is 12 + -1132020035?
-1132020023
In base 11, what is -2a + -643540?
-64356a
In base 14, what is ad356 - 2d?
ad327
In base 14, what is -1302b5 + -2b1?
-130586
In base 12, what is 5 - 1129288?
-1129283
In base 8, what is -137 - 647577?
-647736
In base 8, what is -1175 + 530043?
526646
In base 10, what is 6 - -3464634?
3464640
In base 7, what is 21322110 - -12?
21322122
In base 12, what is -352b + -119b?
-470a
In base 6, what is -12 + 22202453?
22202441
In base 16, what is -3e21 + 2caf?
-1172
In base 12, what is 40 - 5a696b?
-5a692b
In base 8, what is 44707155 - 5?
44707150
In base 16, what is 11 + -424817?
-424806
In base 13, what is -4285cb + -53?
-428651
In base 5, what is 304231 - -1023?
310304
In base 9, what is 7642 - 600?
7042
In base 16, what is 72f - -730c?
7a3b
In base 10, what is 11 + 55501351?
55501362
In base 8, what is -611251 - -22?
-611227
In base 13, what is 1 - 4b115863?
-4b115862
In base 6, what is 215035 - -14500?
233535
In base 15, what is 2e - 481539?
-48150a
In base 12, what is -3461 + -6752?
-9bb3
In base 11, what is -1 - 1971363?
-1971364
In base 9, what is -1 + -78815217?
-78815218
In base 5, what is 243331314 + 4430?
243341244
In base 14, what is -9cd - -1303d?
12450
In base 15, what is 11c16 - 71?
11b95
In base 5, what is -4 - -32030332?
32030323
In base 3, what is -2221121020 - -1011201?
-2220102112
In base 3, what is -21000022000 - -1001?
-21000020222
In base 6, what is -2045 + 545345?
543300
In base 12, what is 1 - 336022a?
-3360229
In base 16, what is -1 + -5d51e?
-5d51f
In base 7, what is 360331226 + -14?
360331212
In base 3, what is 20210102122111 + 11?
20210102122122
In base 2, what is 1000111011101001000 - 0?
1000111011101001000
In base 8, what is -1 - 170623132?
-170623133
In base 12, what is 818 - 1695?
-a79
In base 3, what is 11 + -2120021100022?
-2120021100011
In base 11, what is -45 + 8425086?
8425041
In base 3, what is 2 + 211020012202121?
211020012202200
In base 4, what is -111 + -1221132133021?
-1221132133132
In base 15, what is 58 + -16084e?
-1607e6
In base 14, what is -1a + -3b3373?
-3b338d
In base 10, what is -4430078 + 0?
-4430078
In base 5, what is -134420344430 - -4?
-134420344421
In base 2, what is -11011101 + 100011000101100100011?
100011000101001000110
In base 16, what is 16c0 - 824?
e9c
In base 9, what is 263 + 2084110?
2084373
In base 9, what is -1033821 - -5?
-1033815
In base 16, what is -3 + d11c3a?
d11c37
In base 2, what is 1100001000 - 1010101001110111101?
-1010101000010110101
In base 10, what is 10339 - 3298?
7041
In base 4, what is -13113101 - 3030?
-13122131
In base 3, what is -10122 + 1202120121210?
1202120111011
In base 7, what is 3 - -655131106?
655131112
In base 15, what is -140e97 - -9?
-140e8d
In base 11, what is -14 + -296832?
-296846
In base 12, what is -6a7684 - 8?
-6a7690
In base 2, what is -100111101001101000101100101 + 1100?
-100111101001101000101011001
In base